f 2467760 and 20.
20
Calculate the greatest common divisor of 11 and 131681.
11
Calculate the highest common factor of 4560 and 219792.
912
Calculate the greatest common factor of 59913 and 126.
63
Calculate the greatest common factor of 3945 and 25774.
263
What is the greatest common factor of 196320 and 180?
60
Calculate the highest common factor of 26890 and 10.
10
Calculate the highest common factor of 1449 and 11776.
23
What is the highest common divisor of 940 and 30785?
235
Calculate the highest common factor of 16220 and 20.
20
Calculate the highest common divisor of 65 and 257855.
65
What is the highest common factor of 9651 and 3?
3
What is the highest common factor of 23 and 1207?
1
Calculate the highest common factor of 11299394 and 46.
46
What is the highest common factor of 933 and 89879?
311
Calculate the highest common factor of 890879 and 33.
11
Calculate the greatest common divisor of 2664 and 552.
24
Calculate the greatest common divisor of 7464628 and 172.
172
What is the highest common factor of 306 and 6413454?
306
What is the greatest common divisor of 1318714 and 38?
38
What is the highest common divisor of 192500 and 616?
308
What is the highest common divisor of 495 and 78309?
99
What is the highest common factor of 9635 and 1880?
235
What is the greatest common factor of 4851 and 882?
441
What is the highest common factor of 2448 and 21998?
34
What is the greatest common factor of 14907244 and 44?
44
Calculate the highest common divisor of 75135 and 210.
15
Calculate the highest common factor of 239574 and 81.
3
What is the highest common divisor of 246492 and 3444?
492
What is the highest common divisor of 201 and 111?
3
What is the greatest common divisor of 1943 and 372319?
67
What is the greatest common divisor of 423 and 2485407?
141
What is the greatest common divisor of 62 and 157201?
31
Calculate the greatest common divisor of 2506 and 7876.
358
Calculate the greatest common divisor of 629462 and 16694.
982
Calculate the greatest common divisor of 27 and 4474251.
27
Calculate the highest common divisor of 548298 and 270.
18
Calculate the highest common divisor of 3900 and 4524.
156
Calculate the highest common divisor of 418 and 11077.
209
Calculate the highest common divisor of 520 and 309530.
130
Calculate the highest common factor of 5 and 2803.
1
What is the greatest common factor of 18577 and 26?
13
Calculate the highest common factor of 2316410 and 215.
215
Calculate the highest common divisor of 104420 and 20.
20
What is the greatest common divisor of 3787 and 1135559?
541
Calculate the highest common divisor of 143 and 342199.
143
Calculate the highest common factor of 166180 and 770.
70
What is the highest common factor of 872 and 968?
8
What is the highest common divisor of 72 and 22368?
24
Calculate the greatest common factor of 21812 and 38.
38
What is the greatest common factor of 5562 and 13184?
206
What is the greatest common divisor of 88509 and 5973?
543
Calculate the highest common divisor of 62437 and 435.
29
Calculate the greatest common factor of 4952836 and 28.
28
What is the greatest common divisor of 9248 and 12256?
32
Calculate the greatest common divisor of 24262 and 3122.
14
What is the greatest common divisor of 20176 and 6864?
208
Calculate the highest common factor of 12677520 and 3232.
1616
What is the highest common divisor of 46028 and 273058?
622
Calculate the greatest common factor of 14 and 1916502.
14
Calculate the greatest common divisor of 56 and 132006.
14
What is the greatest common factor of 210196 and 308?
28
Calculate the greatest common divisor of 1432 and 324.
4
Calculate the highest common factor of 47731 and 16180.
809
What is the greatest common factor of 243 and 78975?
243
What is the highest common factor of 53251 and 33?
11
Calculate the highest common divisor of 1960 and 16520.
280
What is the greatest common factor of 19008 and 464?
16
Calculate the greatest common factor of 9991 and 31428.
97
What is the greatest common factor of 1071 and 88332?
51
Calculate the greatest common factor of 2952 and 1944.
72
Calculate the highest common factor of 187488 and 448.
224
Calculate the greatest common factor of 2 and 3653146.
2
What is the highest common divisor of 23140 and 7332?
52
What is the highest common divisor of 13095 and 12125?
485
What is the highest common divisor of 2985 and 740?
5
Calculate the highest common factor of 33 and 510213.
33
Calculate the greatest common factor of 292834 and 2.
2
Calculate the greatest common divisor of 7 and 88921.
7
Calculate the highest common divisor of 199218 and 12.
6
Calculate the highest common factor of 40290 and 6.
6
What is the highest common divisor of 7416 and 30?
6
Calculate the highest common divisor of 32732 and 84.
28
Calculate the greatest common divisor of 690 and 93495.
345
What is the greatest common divisor of 2769 and 172530?
213
Calculate the highest common factor of 372 and 7362252.
372
What is the greatest common factor of 72 and 136200?
24
What is the greatest common factor of 226896 and 2256?
48
Calculate the greatest common factor of 1038 and 297.
3
Calculate the greatest common divisor of 801124 and 148.
148
What is the highest common divisor of 1835059 and 293?
293
Calculate the greatest common divisor of 176 and 152136.
8
Calculate the greatest common factor of 33 and 250261.
11
Calculate the greatest common divisor of 519 and 296349.
519
Calculate the highest common factor of 150 and 32823.
3
What is the highest common divisor of 170 and 1149115?
85
Calculate the greatest common factor of 247954 and 56.
14
Calculate the highest common factor of 3048 and 22987.
127
What is the greatest common factor of 1189771 and 22?
11
Calculate the highest common factor of 2627707 and 17.
17
Calculate the greatest common factor of 194 and 4504389.
97
What is the greatest common factor of 210 and 23170?
70
Calculate the greatest common factor of 374685 and 120.
15
Calculate the highest common divisor of 507269 and 7.
7
What is the greatest common factor of 528 and 4950?
66
Calculate the highest common factor of 1482 and 60306.
114
Calculate the greatest common divisor of 29504 and 4768.
32
What is the greatest common factor of 10626 and 8556?
138
Calculate the highest common divisor of 16748 and 5846.
158
Calculate the highest common divisor of 10884 and 192.
12
What is the greatest common divisor of 133 and 840?
7
What is the highest common divisor of 12 and 5532?
12
What is the highest common divisor of 11143 and 2101?
11
What is the greatest common divisor of 13893 and 1518?
33
Calculate the greatest common divisor of 7750 and 262725.
775
Calculate the highest common factor of 6102 and 5562.
54
Calculate the greatest common divisor of 446 and 43039.
223
What is the highest common factor of 141659 and 1711?
59
Calculate the highest common divisor of 130 and 624780.
130
Calculate the greatest common divisor of 5219 and 5950.
17
Calculate the highest common divisor of 1859 and 3757.
13
Calculate the greatest common divisor of 294 and 1218.
42
What is the greatest common factor of 431361 and 5845?
1169
What is the highest common divisor of 2440 and 2410?
10
What is the greatest common divisor of 327530 and 140?
70
What is the highest common divisor of 1694 and 2548?
14
Calculate the highest common divisor of 27467 and 605.
121
What is the highest common divisor of 17600 and 3190?
110
Calculate the highest common divisor of 552 and 1964292.
276
What is the greatest common divisor of 115709 and 99?
11
What is the highest common divisor of 850 and 225100?
50
Calculate the greatest common factor of 2041 and 1287.
13
Calculate the greatest common factor of 25 and 98860.
5
What is the greatest common factor of 2125 and 140?
5
Calculate the highest common divisor of 209 and 4826.
19
Calculate the highest common divisor of 1829 and 7626.
31
Calculate the highest common factor of 60 and 88170.
30
Calculate the highest common factor of 520835 and 805.
805
What is the highest common divisor of 1881 and 169917?
627
Calculate the highest common divisor of 4429 and 2967.
43
What is the highest common divisor of 48803 and 37?
37
What is the highest common factor of 42 and 20118?
42
Calculate the highest common facto